inder when i(21) is divided by 14?
11
Calculate the remainder when (-13)/((-2)/6*1) is divided by 21.
18
Suppose 28 = 2*j - m, 0 = 4*j + 3*m - 12 - 24. Calculate the remainder when j is divided by 2.
0
Let x = -3 + 6. Suppose 0 = -2*c + x*c. Let f = 14 + c. Calculate the remainder when 41 is divided by f.
13
Let c(q) = -14*q - 15. Calculate the remainder when c(-2) is divided by 3.
1
What is the remainder when (2*21/9)/(2/15) is divided by 13?
9
Suppose 4*w - 49 + 1 = 0. What is the remainder when 40 is divided by w?
4
Let y(q) = -6*q - 3. Calculate the remainder when y(-3) is divided by 9.
6
Let i be (0/6)/(1/(-1)). Suppose -2*u + 32 + 2 = i. What is the remainder when 66 is divided by u?
15
Let y = 0 - -7. What is the remainder when (-8 - -6)*19/(-2) is divided by y?
5
Let j be 2*(-1)/(3/(-6)). Let d(o) = j*o**2 + 2 + 1 - 3. What is the remainder when 14 is divided by d(-1)?
2
Suppose 3*s - 77 = 7. Suppose 3*c = c + s. Calculate the remainder when c is divided by 4.
2
Suppose d + 63 = 5*r - 14, 2*d - 6 = 0. What is the remainder when 59 is divided by r?
11
Suppose 0*k - 2*o = 2*k + 50, -4*k - 100 = -o. Let f = 2 - k. What is the remainder when f is divided by 7?
6
Let z(v) = v + 36. Calculate the remainder when 41 is divided by z(-15).
20
Suppose 0 = -3*r - 4*c + 42, 2*r - 5 = 4*c + 3. Suppose -4*w = u - 31, r = u - w - 2*w. What is the remainder when 53 is divided by u?
15
Let n = -3 - -6. Suppose 4*s = k - 2, -3*k + 0*s = n*s - 51. What is the remainder when ((-35)/14)/((-2)/32) is divided by k?
12
Let p = 112 + -88. What is the remainder when p is divided by 14?
10
Let m(r) = r**3 + 6*r**2 + 4*r + 1. Calculate the remainder when ((-2)/3)/((-40)/660) is divided by m(-5).
5
Suppose -4*d + 50 = 2*w, -5*w + d + 3 = -67. Let t = -4 + w. Calculate the remainder when t is divided by 3.
2
Let j be 6/(-2)*4/(-6). Let f be (5/2)/(j/4). Suppose 2*p + 43 = f*n, 0 = -3*n - 4*p + 3*p + 28. What is the remainder when n is divided by 5?
4
Let k = -31 + 18. Let h be 6/9 + k/(-3). Suppose 5*t - 4*t = -h*y - 3, 5*y = -3*t + 31. Calculate the remainder when t is divided by 9.
8
Let o(f) = f**2 - 3*f + 6. What is the remainder when o(5) is divided by 6?
4
What is the remainder when (-6)/(-2)*(-8 + 21) is divided by 10?
9
What is the remainder when 69 is divided by (-122)/(-5) - 10/25?
21
Let x(p) = -p**2 - 12*p + 9. Calculate the remainder when 17 is divided by x(-12).
8
Suppose 3*o = o - 2. Let l be (-4)/(-2) + 3 + o. Suppose l*b + 0*g = -5*g + 55, -42 = -3*b - 3*g. What is the remainder when 43 is divided by b?
13
Suppose -8*z = -43 - 93. Calculate the remainder when 49 is divided by z.
15
Suppose 0 = -5*k - 0*k - 45. Calculate the remainder when k/((-31)/14 - -2) is divided by 15.
12
Suppose -41 = q - 2*q. Suppose -4*x + q = x - j, 0 = -3*x - j + 31. What is the remainder when x is divided by 5?
4
Let g = 11 - 6. Suppose -26 - 62 = -3*x - q, 0 = g*x + 2*q - 145. What is the remainder when x is divided by 16?
15
Suppose 5*l + 89 = -61. Let r = 68 + l. Calculate the remainder when r is divided by 20.
18
Let q = -1 - -4. Let c = -3 - -6. Calculate the remainder when q is divided by c.
0
Suppose 0 = -2*s + w + 5, -3*w - 2*w = s + 14. Calculate the remainder when s is divided by (((-2)/2)/(-1))/1.
0
Suppose 2*d - 176 = -2*d. Suppose 0 = -4*a - d. Let k = a + 29. What is the remainder when k is divided by 10?
8
What is the remainder when 0 - ((-906)/14 - 2/7) is divided by 17?
14
Let i be (-2)/(0 - 2/3). Suppose 0 = -2*w - 6, 3*r - 13 - 2 = w. Suppose -r*d = -l - 0*l - 41, -d + 13 = -i*l. Calculate the remainder when 29 is divided by d.
9
Let x = 7 - 1. Let k = 18 - 29. Let b = k + 22. Calculate the remainder when b is divided by x.
5
Let z = -186 + 117. Let t = -23 - z. What is the remainder when t is divided by 24?
22
Suppose -2 + 0 = 2*c. Calculate the remainder when c*(-36 + (1 - 0)) is divided by 9.
8
Let s(n) = 5*n**2 + n + 1. Let i be s(-1). Let q be ((-34)/(-4))/(i/(-10)). Let v = 29 + q. Calculate the remainder when 35 is divided by v.
11
Let h = -21 - -31. Let f(x) be the second derivative of x**4/12 + 2*x**3/3 - x**2 - 4*x. What is the remainder when f(3) is divided by h?
9
Suppose -15 = -z - 2*k, 2*z = -2*z - 5*k + 57. Calculate the remainder when z is divided by 5.
3
Suppose -l + 7 = 3*a, 3*a = -4*l + a + 18. Let v(i) = i - 1. Let q be v(4). Suppose l = x - q. Calculate the remainder when 13 is divided by x.
6
Suppose -3*w + 18 = -2*w. Calculate the remainder when 69 is divided by w.
15
Suppose 10 = 5*r - 25. Let p = 5 + r. Suppose 0 = -4*n + 121 + 19. Calculate the remainder when n is divided by p.
11
Suppose -3*m + 0*m = -12. Let l = 13 - m. What is the remainder when 17 is divided by l?
8
Suppose 0 = -2*m + 3*j + 25, 2*m + j + 8 - 29 = 0. Let p = -136 - -166. Calculate the remainder when p is divided by m.
8
Suppose -2*l = u - 3 - 2, 0 = -4*u + 3*l + 42. What is the remainder when u is divided by 3?
0
Suppose u - 104 + 25 = 0. What is the remainder when u is divided by 20?
19
Let h(t) = 10. Let s(g) = -g - 20. Let x(w) = -7*h(w) - 4*s(w). What is the remainder when x(8) is divided by 11?
9
Suppose -4*a + 20 = -4*c, 11 = 3*a - 5*c - 8. What is the remainder when 8 is divided by a?
2
Let r = -2 - -4. Suppose -r*a = -0*a - 54. What is the remainder when a is divided by 10?
7
Let q(d) = -10*d. Let m be q(-2). Suppose -4*l - 12 = -n, -m = 2*n - 0*n + 3*l. What is the remainder when n*(-3)/(-6) - -52 is divided by 17?
16
Suppose 0 = t - 10 - 6. Suppose 0 = -n + 4*z + 4, -5*n + t = -n - 5*z. Let w(m) = 3*m - 4. What is the remainder when 15 is divided by w(n)?
7
Let z = -12 + 17. Let l(y) = y + 9. Let m be l(-7). Suppose -m*q = 3*q - z. Calculate the remainder when q is divided by 1.
0
Let o = 11 - 0. Let z(w) = 0 + 3 + 0*w - 2 + 10*w. What is the remainder when z(3) is divided by o?
9
Suppose 5*w = -4*v + 7 + 1, v = -5*w + 2. Suppose -x = -4*g - g + 12, -5*x + 9 = -2*g. What is the remainder when g is divided by v?
1
Suppose -3*m + 3*w = -0*w - 36, 0 = 4*m - 5*w - 53. What is the remainder when 18 is divided by m?
4
Let q be 0/(0 - 1/(-1)). Suppose q*o + 5 = o. Suppose -3*c + 1 + 41 = 3*x, -o*c + 4*x = -79. What is the remainder when 43 is divided by c?
13
Let m be (-2)/4 + 20/8. Suppose 2*v + 12 = -m*v. What is the remainder when 44 is divided by 45*(10/3 + v)?
14
Let k(p) = 7*p**3 + p**2 - p + 1. Let x be k(1). Suppose w - x = -w. Calculate the remainder when 15 is divided by w.
3
Suppose 2*v + 2*o - 46 = 0, 3*o + 0*o = -v + 23. Let s = v - 15. What is the remainder when 29 is divided by s?
5
Suppose 2*t - 3*b + 24 = 0, t + b + 16 = 4. Let j = 19 + t. What is the remainder when 24 is divided by j?
3
Suppose 1 = w, 5*v - v = -5*w + 69. What is the remainder when 31 is divided by v?
15
Let b(y) = -10*y**3 - y**2 + y + 1. Suppose 4*o + 3 = -1. Calculate the remainder when b(o) is divided by 6.
3
Let r = 18 + -1. What is the remainder when r is divided by 10?
7
Let u(n) = n**2 + n + 8. What is the remainder when 6/12 - (-29)/2 is divided by u(0)?
7
Suppose 4*a - 3 = 3*a. Suppose i + 2*s - 11 = 0, 31 = a*i + 3*s + 7. What is the remainder when 13 is divided by i?
3
Calculate the remainder when 39 is divided by 2/(-4) - ((-559)/(-2))/(-13).
18
Calculate the remainder when 35 is divided by (1/2)/((-37)/(-666)).
8
Let k be (3/4)/((-2)/104). Let x = -92 + 156. Let p = x + k. Calculate the remainder when p is divided by 9.
7
Let d = 31 - 20. Suppose 0 = z - d - 44. What is the remainder when z is divided by 14?
13
Suppose 10 = w - d, 5*w + 2*d - 23 = 27. What is the remainder when 55 is divided by w?
5
Let m(i) = 2*i + 6. Let r be m(-4). Calculate the remainder when (r - 4)*(-15)/9 is divided by 6.
4
Let x be 3 - 1 - (-1)/(-1). Suppose -2*w + 27 = -3*h, -3*w - 4*h - x - 1 = 0. What is the remainder when w is divided by 4?
2
Let m be (4 + -8)/((-2)/(-31)). Let f = m + 101. What is the remainder when f is divided by 10?
9
Let w = 50 + -19. What is the remainder when 152 is divided by w?
28
Let j(q) = -3*q - 37. Let n(x) = -4*x - 1. Let v be n(-1). Suppose 0 = -v*s - 3 + 27. Calculate the remainder when j(-20) is divided by s.
7
Suppose -3*b - 3*b = -456. What is the remainder when b is divided by 27?
22
Let l = -2 + 9. Suppose l*r - 4*r = 69. Calculate the 